thousands digit of 229343?
9
What is the thousands digit of 16512890?
2
What is the hundred thousands digit of 2563316?
5
What is the units digit of 15465?
5
What is the hundred thousands digit of 31777349?
7
What is the units digit of 63976?
6
What is the ten thousands digit of 71454?
7
What is the hundred thousands digit of 2160266?
1
What is the thousands digit of 9730267?
0
What is the thousands digit of 2205784?
5
What is the units digit of 15329234?
4
What is the tens digit of 25053443?
4
What is the hundreds digit of 235161?
1
What is the units digit of 5939194?
4
What is the ten thousands digit of 1748580?
4
What is the hundred thousands digit of 2615286?
6
What is the millions digit of 1739253?
1
What is the hundreds digit of 212861?
8
What is the hundreds digit of 7481644?
6
What is the hundred thousands digit of 444587?
4
What is the units digit of 462464?
4
What is the ten thousands digit of 36608?
3
What is the hundred thousands digit of 142134?
1
What is the millions digit of 5305209?
5
What is the hundred thousands digit of 276914?
2
What is the thousands digit of 34193085?
3
What is the hundreds digit of 710586?
5
What is the hundred thousands digit of 3713134?
7
What is the ten thousands digit of 6164716?
6
What is the hundred thousands digit of 7796372?
7
What is the ten thousands digit of 852583?
5
What is the hundreds digit of 37759856?
8
What is the millions digit of 2415462?
2
What is the hundred thousands digit of 6274147?
2
What is the thousands digit of 104626?
4
What is the tens digit of 5069849?
4
What is the ten thousands digit of 675363?
7
What is the ten thousands digit of 22187445?
8
What is the ten thousands digit of 651354?
5
What is the thousands digit of 15786?
5
What is the hundreds digit of 5984904?
9
What is the ten thousands digit of 422292?
2
What is the units digit of 460958?
8
What is the millions digit of 2928460?
2
What is the thousands digit of 21738913?
8
What is the ten thousands digit of 387888?
8
What is the hundreds digit of 175651?
6
What is the hundreds digit of 3855790?
7
What is the thousands digit of 453124?
3
What is the units digit of 145352?
2
What is the hundreds digit of 10578762?
7
What is the thousands digit of 7178900?
8
What is the ten thousands digit of 855845?
5
What is the thousands digit of 27376037?
6
What is the hundred thousands digit of 1839895?
8
What is the hundreds digit of 14048037?
0
What is the hundreds digit of 2021300?
3
What is the units digit of 250657?
7
What is the tens digit of 79448?
4
What is the ten thousands digit of 776952?
7
What is the hundreds digit of 28457?
4
What is the thousands digit of 238638?
8
What is the hundreds digit of 5691321?
3
What is the tens digit of 233437?
3
What is the tens digit of 24582107?
0
What is the hundreds digit of 186941?
9
What is the hundreds digit of 2443456?
4
What is the thousands digit of 17477790?
7
What is the thousands digit of 867334?
7
What is the tens digit of 148973?
7
What is the units digit of 155599?
9
What is the ten thousands digit of 1073019?
7
What is the tens digit of 1416496?
9
What is the millions digit of 1246561?
1
What is the thousands digit of 236579?
6
What is the hundred thousands digit of 670019?
6
What is the ten thousands digit of 442454?
4
What is the hundreds digit of 2241916?
9
What is the hundred thousands digit of 5621339?
6
What is the hundreds digit of 330926?
9
What is the tens digit of 262783?
8
What is the units digit of 209965?
5
What is the ten thousands digit of 287540?
8
What is the tens digit of 66701?
0
What is the hundred thousands digit of 286790?
2
What is the units digit of 60092?
2
What is the units digit of 37138666?
6
What is the ten thousands digit of 292259?
9
What is the thousands digit of 600773?
0
What is the ten thousands digit of 23738?
2
What is the ten thousands digit of 15585413?
8
What is the hundreds digit of 263564?
5
What is the hundred thousands digit of 2271384?
2
What is the hundreds digit of 293874?
8
What is the thousands digit of 114493?
4
What is the ten thousands digit of 994685?
9
What is the hundred thousands digit of 10059278?
0
What is the hundreds digit of 97522?
5
What is the units digit of 1040397?
7
What is the millions digit of 3237569?
3
What is the hundreds digit of 501993?
9
What is the units digit of 40135?
5
What is the tens digit of 2963125?
2
What is the units digit of 200379?
9
What is the hundreds digit of 7058344?
3
What is the units digit of 200167?
7
What is the ten thousands digit of 11223307?
2
What is the ten thousands digit of 1292100?
9
What is the millions digit of 7615521?
7
What is the tens digit of 240501?
0
What is the ten millions digit of 31989727?
3
What is the units digit of 2262214?
4
What is the hundred thousands digit of 7486756?
4
What is the millions digit of 12585300?
2
What is the millions digit of 10715996?
0
What is the ten thousands digit of 75527?
7
What is the units digit of 233401?
1
What is the thousands digit of 165470?
5
What is the hundred thousands digit of 5962398?
9
What is the tens digit of 736964?
6
What is the ten thousands digit of 515519?
1
What is the hundred thousands digit of 697325?
6
What is the hundred thousands digit of 366112?
3
What is the tens digit of 11443438?
3
What is the ten thousands digit of 3301326?
0
What is the units digit of 453505?
5
What is the hundreds digit of 535378?
3
What is the hundred thousands digit of 230461?
2
What is the tens digit of 1735643?
4
What is the ten thousands digit of 1048555?
4
What is the hundreds digit of 67598?
5
What is the tens digit of 6300425?
2
What is the hundred thousands digit of 42593785?
5
What is the millions digit of 1132839?
1
What is the thousands digit of 57378?
7
What is the thousands digit of 73517?
3
What is the thousands digit of 145821?
5
What is the hundreds digit of 322425?
4
What is the hundreds digit of 33518953?
9
What is the hundreds digit of 3929021?
0
What is the hundreds digit of 279355?
3
What is the thousands digit of 8923516?
3
What is the millions digit of 1071345?
1
What is the millions digit of 7647012?
7
What is the ten thousands digit of 10443149?
4
What is the thousands digit of 25249?
5
What is the thousands digit of 986021?
6
What is the tens digit of 4990210?
1
What is the tens digit of 7909400?
0
What is the thousands digit of 1054048?
4
What is the tens digit of 304143?
4
What is the millions digit of 4921897?
4
What is the units digit of 9422753?
3
What is the tens digit of 490477?
7
What is the hundred thousands digit of 587541?
5
What is the ten thousands digit of 320901?
2
What is the tens digit of 500758?
5
What is the hundreds digit of 1345884?
8
What is the tens digit of 1523609?
0
What is the units digit of 34568419?
9
What is the thousands digit of 2468514?
8
What is the ten thousands digit of 8769449?
6
What is the tens digit of 469224?
2
What is the ten thousands digit of 5734940?
3
What is the hundreds digit of 18311?
3
What is the tens digit of 1225629?
2
What is the millions digit of 14287754?
4
What is the hundred thousands digit of 5455780?
4
What is the hundreds digit of 21568578?
5
What is the tens digit of 126087?
8
What is the tens digit of 10098046?
4
What is the ten thousands digit of 20160?
2
What is the hundred thousands digit of 5203395?
2
What is the millions digit of 1891238?
1
What is the tens digit of 418970?
7
What is the thousands digit of 148760?
8
What is the millions digit of 15175882?
5
What is the hundred thousands digit of 326746?
3
What is the units digit of 8837695?
5
What is the hundred thousands digit of 442486?
4
What is the hundred thousands digit of 309618?
3
What is the hundreds digit of 894184?
1
What is the thousands digit of 861389?
1
What is the thousands digit of 26192806?
2
What is the thousands digit of 204817?
4
What is the thousands digit of 126311?
6
What is the ten thousands digit of 17770715?
7
What is the thousands digit of 20300043?
0
What is the units digit of 48872?
2
What is the ten thousands digit of 6556593?
5
What is the units digit of 91600?
0
What is the units digit of 26408684?
4
What is the hundreds digit of 504272?
2
What is the ten thousands digit of 7688435?
8
What is the ten thousands digit of 667630?
6
What is the thous